-7
Let z(p) = -5*p**2 + 48*p - 5. Calculate z(10).
-25
Let o(m) = m**3 - 62*m**2 - 16*m + 547. Give o(62).
-445
Let m(a) = -139*a**2 - 420*a - 3. Calculate m(-3).
6
Let d(b) = 4*b**2 - 69*b + 20. Calculate d(19).
153
Let n(f) = 22*f**3 + 57*f**2 - 114*f + 2. Give n(2).
178
Let x(j) = -3*j**2 - 134*j - 820. Give x(-7).
-29
Let v(h) = 56*h + 2633. Give v(-47).
1
Let g(c) = 14*c + 6. Give g(-36).
-498
Let g(v) = v**3 - 17*v**2 - 3*v + 25. Determine g(18).
295
Let f(p) = 3*p**3 - 4*p**2 + 1. Determine f(-2).
-39
Let z(m) = m**3 + m**2 - 38. Give z(-4).
-86
Let i(m) = -m**2 - 88*m + 461. Determine i(5).
-4
Let w(u) = -56*u + 327. What is w(6)?
-9
Let g(d) = -480*d + 865. What is g(2)?
-95
Let r(s) = 953*s + 3766. Determine r(-4).
-46
Let p(l) = 426*l**2 - 2557*l + 13. Calculate p(6).
7
Let n(q) = 3*q**3 - 5*q**2 + 5*q + 13. Give n(-2).
-41
Let y(s) = -339*s - 2067. Determine y(-6).
-33
Let p(k) = -41*k - 376. Calculate p(-10).
34
Let i(b) = -40*b + 325. Determine i(8).
5
Let n(u) = 493*u + 28104. Calculate n(-57).
3
Let r(m) = -172*m**2 - 167*m. Determine r(-1).
-5
Let x(p) = -p**3 - 19*p**2 - 36*p - 16. Determine x(-17).
18
Let o(b) = b**3 - 7*b**2 - 27*b + 119. Calculate o(8).
-33
Let p(i) = -1758*i - 12310. What is p(-7)?
-4
Let c(k) = -3*k + 238. Determine c(77).
7
Let g(b) = -13*b + 762. What is g(57)?
21
Let f(j) = -2*j**2 - 49*j - 104. Determine f(-22).
6
Let c(a) = -54*a - 2015. What is c(-38)?
37
Let v(q) = 7*q**3 - 10*q**2 - 25*q + 78. Give v(3).
102
Let q(u) = -10*u + 132. What is q(12)?
12
Let q(f) = f**3 - 16*f**2 + 12*f - 19. Calculate q(15).
-64
Let d(h) = h**3 + 4*h**2 - 5*h + 1. What is d(5)?
201
Let d(v) = 220*v - 12327. Calculate d(56).
-7
Let h(c) = -103*c - 1539. Calculate h(-15).
6
Let v(j) = 4744*j - 4732. Give v(1).
12
Let m(w) = -w**3 + 4*w**2 + 64*w - 254. What is m(5)?
41
Let m(r) = r**3 - 18*r**2 + 60*r + 72. What is m(13)?
7
Let n(j) = -j**2 + 6*j - 7. Determine n(4).
1
Let q(v) = v**2 + 187*v + 7491. Give q(-59).
-61
Let n(d) = d**3 + 159*d**2 + 6237*d + 502. What is n(-70)?
12
Let q(l) = 2*l**3 + 23*l**2 + 33*l + 8. Calculate q(-10).
-22
Let f(i) = -334*i - 8026. Determine f(-24).
-10
Let f(t) = t**3 - 131*t**2 - 531*t - 1216. What is f(135)?
-1
Let o(w) = 386*w - 42854. What is o(111)?
-8
Let u(q) = -2*q**2 + q + 16. Give u(-3).
-5
Let m(o) = o**2 - 197*o - 1191. Calculate m(-6).
27
Let b(g) = -3622*g + 18112. What is b(5)?
2
Let g(l) = -2*l**3 + 47*l**2 - 42*l - 508. Determine g(22).
20
Let i(j) = -j**2 + 49*j - 239. Give i(43).
19
Let p(h) = -3*h**3 + 122*h**2 + 23*h + 745. Give p(41).
7
Let m(g) = -921*g - 8. What is m(0)?
-8
Let f(q) = 95*q - 2834. What is f(31)?
111
Let s(f) = f**3 - 5*f**2 + f - 15. What is s(5)?
-10
Let h(v) = -111*v + 791. Give h(7).
14
Let r(v) = -v**3 - 119*v**2 + 234*v - 979. Determine r(-121).
-11
Let o(z) = 233*z - 939. What is o(4)?
-7
Let v(m) = -6*m**3 + m**2 - 15*m + 13. Give v(1).
-7
Let f(w) = -w**3 + 7*w**2 + 20*w - 8. What is f(10)?
-108
Let m(p) = -77*p - 61. What is m(-1)?
16
Let r(d) = 3*d**3 - 31*d**2 - 22*d - 8. Determine r(11).
-8
Let v(n) = -3*n**3 + 71*n**2 + 26*n - 119. Give v(24).
-71
Let c(t) = 67*t + 3022. What is c(-45)?
7
Let s(c) = 5*c**3 - 2*c**2 - 30*c + 41. Give s(2).
13
Let v(r) = 7*r**2 + 40*r - 10. Give v(-6).
2
Let r(h) = -2*h**3 - 31*h**2 - 70*h + 43. Calculate r(-11).
-276
Let x(w) = 38*w**2 - 147*w - 10. Calculate x(4).
10
Let c(k) = -54*k**3 - 481*k**2 + 2002*k - 27. Determine c(-12).
-3
Let f(s) = -13*s**2 - 29*s + 160. What is f(-9)?
-632
Let l(i) = 10*i**2 + 115*i + 47. What is l(-11)?
-8
Let f(u) = -u**3 - u**2 + 106*u + 159. Determine f(-10).
-1
Let k(p) = 5*p**3 + 24*p**2 - 43*p - 37. What is k(-6)?
5
Let z(u) = -76*u**3 + 11*u - 12. Determine z(1).
-77
Let s(b) = 6*b**3 - 4*b**2 - 10*b - 18. Calculate s(-3).
-186
Let g(q) = q**2 - 1651*q + 8230. Calculate g(5).
0
Let k(s) = 475*s + 7610. Give k(-16).
10
Let z(b) = b**2 + 39*b + 64. Give z(-16).
-304
Let r(j) = 2*j**2 - 92*j + 318. Determine r(43).
60
Let g(z) = 1036*z + 2092. Give g(-2).
20
Let r(c) = -4*c**2 - 150*c - 4. Determine r(0).
-4
Let h(f) = f**2 + 27*f + 149. Calculate h(-28).
177
Let l(f) = 4*f**2 - 184*f - 229. Calculate l(47).
-41
Let f(z) = -779*z + 21788. Give f(28).
-24
Let l(f) = -2*f**2 + 37*f + 25. What is l(20)?
-35
Let r(x) = -x**3 + 4*x**2 - 13*x + 5. Give r(2).
-13
Let j(v) = -227*v**2 - 3*v. Determine j(-1).
-224
Let f(g) = -3*g**2 + 22*g + 56. Give f(17).
-437
Let t(o) = 922*o + 6339. Give t(-7).
-115
Let q(i) = 757*i - 1543. Determine q(2).
-29
Let j(a) = 7*a**2 + 172*a - 2053. Determine j(9).
62
Let z(k) = -k**3 - 52*k**2 - 4*k - 99. Calculate z(-52).
109
Let k(u) = 8543*u - 25620. Determine k(3).
9
Let b(x) = -27*x**2 + 112*x + 118. Determine b(-1).
-21
Let x(q) = -215*q - 104. Give x(-3).
541
Let k(t) = 24*t**2 - 47*t + 48. What is k(1)?
25
Let c(m) = -3*m**2 - 89*m - 257. Determine c(-3).
-17
Let n(r) = 416*r + 7487. Determine n(-18).
-1
Let y(x) = -x**2 - 16*x - 33. Calculate y(-16).
-33
Let k(x) = 2*x**2 + 29*x + 51. Determine k(-12).
-9
Let k(r) = -r**3 + 20*r**2 + 7*r - 35. Determine k(21).
-329
Let z(j) = 51*j - 152. Determine z(-10).
-662
Let z(u) = -10034*u - 40133. What is z(-4)?
3
Let u(p) = -2*p**2 - 18*p + 147. Give u(6).
-33
Let x(v) = -562*v - 3942. Give x(-7).
-8
Let q(c) = -6*c**2 - 43*c - 125. Determine q(-3).
-50
Let w(h) = -5*h**3 - 4*h**2 + 2*h - 6. Determine w(-2).
14
Let z(j) = 6*j**2 + 19*j - 156. Calculate z(6).
174
Let y(s) = s**2 + 61*s + 275. Give y(-45).
-445
Let j(w) = 58*w**3 + 14*w**2 - 34*w + 5. Give j(2).
457
Let v(h) = 2*h**2 + 12*h + 20. Determine v(-2).
4
Let y(m) = -37*m - 53. Determine y(-9).
280
Let q(a) = 5*a**2 - 86*a - 562. Calculate q(22).
-34
Let j(l) = l**2 - 31*l - 51. Calculate j(31).
-51
Let k(w) = 134*w + 1479. Determine k(-11).
5
Let i(j) = 58*j**3 - j**2 + j - 5. Calculate i(2).
457
Let f(i) = -i**3 + 224*i**2 - 2338*i - 60. Determine f(11).
-5
Let n(f) = -441*f - 2616. What is n(-6)?
30
Let k(b) = -187*b - 5328. What is k(-29)?
95
Let k(t) = t**2 - 84*t - 6521. Calculate k(133).
-4
Let m(j) = -5*j**2 + 2387*j + 12065. Give m(-5).
5
Let d(c) = 4*c**3 - 25*c**2 + 45*c - 229. What is d(6)?
5
Let n(d) = -2*d**2 + 89*d + 428. Determine n(49).
-13
Let x(q) = 23*q**2 - 2267*q - 3302. Give x(100).
-2
Let o(g) = g**3 - 11*g**2 - 10*g + 29. What is o(12)?
53
Let v(y) = 2*y**2 + 30*y - 128. Give v(-19).
24
Let u(r) = -1289*r - 2535. Give u(-2).
43
Let o(w) = w**3 - 14*w**2 + 15*w - 8. Give o(10).
-258
Let c(j) = 47*j**3 - 140*j**2 + 4*j - 7. Give c(3).
14
Let u(c) = 159*c + 7452. Determine u(-47).
-21
Let n(r) = 710*r - 3557. Determine n(5).
-7
Let q(z) = 997*z + 18991. Give q(-19).
48
Let m(u) = -492*u - 3937. What is m(-8)?
-1
Let y(a) = -1416*a + 11329. Calculate y(8).
1
Let m(f) = -8*f**2 + 252*f - 131. Calculate m(31).
-7
Let d(g) = g**3 - 100*g**2 - 205*g + 375. Give d(102).
273
Let n(u) = 6*u**2 + 204*u + 1590. Give n(-12).
6
Let b(r) = -16*r**3 + 3*r**2 - r + 33. What is b(0)?
33
Let h(v) = -359*v - 12563. What is h(-35)?
2
Let h(c) = -2*c + 39. What is h(-3)?
45
Let n(p) = 3*p**2 + 76*p + 47. Determine n(-26).
99
Let p(l) = l**3 - 9*l**2 - 20*l - 26. What is p(11)?
-4
Let p(q) = 2*q**3 + 27*q**2 + 22*q + 52. Calculate p(-8).
580
Let b(m) = 305*m + 1541. Determine b(-5).
16
Let w(s) = s**3 + 3*s**2 - 2*s + 6. What is w(-4)?
-2
Let c(o) = -o**3 + 66*o**2 + 281*o - 139. Calculate c(70).
-69
Let f(l) = -14*l + 49. What is f(2)?
21
Let y(q) = -q**3 + 57*q**2 - 308*q + 95. Calculate y(51).
-7
Let j(u) = -17*u**2 - 2*u - 2. Calculate j(-4).
-266
Let m(p) = -2*p**2 - 268*p + 23269. Determine m(-194).
-11
Let b(o) = -o**3 - 10*o**2 - 6*o - 190. Determine b(-11).
-3
Let v(p) = p**3 - 6*p**2 - 21*p + 125. Give v(5).
-5
Let b(f) = -2*f**3 - 40*f**2 + 6*f + 113. Determine b(-20).
-7
Let k(y) = 3*y**3 - 97*y**2 + 206*y + 141. Calculate k(30).
21
Let l(g) = -9929*g - 9900. What is l(-1)?
29
Let m(l) = -6*l**2 - 206*l - 1564. Give m(-23).
0
Let v(h) = -19*h**3 + 10*h**2 + 14*h + 5. What is v(-1)?
20
Let w(o) = -o**3 + 2*o**2 - 49*o - 2. Determine w(0).
-2
Let v(t) = 99*t + 1382. Determine v(-14).
-4
Let m(g) = 115*g - 561. Determine m(5).
14
Let l(k) = -667*k - 54021. Determine l(-81).
6
Let j(n) = 16*n - 171. What is j(12)?
21
L